its digit of 5259?
9
What is the thousands digit of 8850?
8
What is the hundreds digit of 17684?
6
What is the hundreds digit of 761?
7
What is the tens digit of 1075?
7
What is the hundreds digit of 904?
9
What is the tens digit of 8845?
4
What is the ten thousands digit of 21614?
2
What is the hundreds digit of 66820?
8
What is the thousands digit of 8829?
8
What is the thousands digit of 2609?
2
What is the ten thousands digit of 40358?
4
What is the units digit of 607?
7
What is the hundreds digit of 7555?
5
What is the tens digit of 197?
9
What is the hundreds digit of 6934?
9
What is the hundreds digit of 8795?
7
What is the hundreds digit of 18360?
3
What is the hundreds digit of 23069?
0
What is the hundreds digit of 47480?
4
What is the thousands digit of 149135?
9
What is the ten thousands digit of 11456?
1
What is the hundreds digit of 256?
2
What is the tens digit of 956?
5
What is the tens digit of 18778?
7
What is the hundreds digit of 37036?
0
What is the hundreds digit of 43276?
2
What is the units digit of 67376?
6
What is the tens digit of 16634?
3
What is the hundreds digit of 2081?
0
What is the units digit of 2512?
2
What is the tens digit of 78992?
9
What is the units digit of 9285?
5
What is the ten thousands digit of 41698?
4
What is the hundreds digit of 789?
7
What is the ten thousands digit of 62545?
6
What is the hundred thousands digit of 193552?
1
What is the thousands digit of 17690?
7
What is the thousands digit of 1491?
1
What is the tens digit of 40946?
4
What is the ten thousands digit of 47994?
4
What is the units digit of 6872?
2
What is the tens digit of 834?
3
What is the thousands digit of 1172?
1
What is the hundred thousands digit of 112380?
1
What is the tens digit of 642?
4
What is the tens digit of 2914?
1
What is the tens digit of 5893?
9
What is the hundreds digit of 2243?
2
What is the hundreds digit of 11925?
9
What is the hundreds digit of 20184?
1
What is the tens digit of 42?
4
What is the tens digit of 28540?
4
What is the units digit of 1274?
4
What is the thousands digit of 61721?
1
What is the tens digit of 2107?
0
What is the units digit of 572?
2
What is the units digit of 102257?
7
What is the units digit of 578?
8
What is the units digit of 2558?
8
What is the units digit of 353?
3
What is the thousands digit of 14378?
4
What is the hundreds digit of 655?
6
What is the hundred thousands digit of 117637?
1
What is the hundreds digit of 14253?
2
What is the thousands digit of 5098?
5
What is the thousands digit of 3213?
3
What is the units digit of 3753?
3
What is the thousands digit of 6839?
6
What is the units digit of 729?
9
What is the units digit of 3782?
2
What is the hundreds digit of 1807?
8
What is the hundreds digit of 9379?
3
What is the units digit of 3124?
4
What is the units digit of 114?
4
What is the ten thousands digit of 10665?
1
What is the tens digit of 3744?
4
What is the tens digit of 363?
6
What is the thousands digit of 15557?
5
What is the tens digit of 3234?
3
What is the tens digit of 31839?
3
What is the units digit of 46746?
6
What is the units digit of 27757?
7
What is the thousands digit of 3722?
3
What is the units digit of 770?
0
What is the thousands digit of 44621?
4
What is the units digit of 19628?
8
What is the tens digit of 4705?
0
What is the tens digit of 46186?
8
What is the units digit of 2067?
7
What is the units digit of 1175?
5
What is the ten thousands digit of 73973?
7
What is the tens digit of 264?
6
What is the hundreds digit of 2261?
2
What is the thousands digit of 2491?
2
What is the tens digit of 38887?
8
What is the hundreds digit of 3294?
2
What is the thousands digit of 20498?
0
What is the thousands digit of 24855?
4
What is the ten thousands digit of 23134?
2
What is the hundreds digit of 725?
7
What is the hundreds digit of 9517?
5
What is the tens digit of 435?
3
What is the tens digit of 233?
3
What is the thousands digit of 57394?
7
What is the tens digit of 9162?
6
What is the hundreds digit of 46287?
2
What is the hundreds digit of 27305?
3
What is the thousands digit of 5122?
5
What is the units digit of 1504?
4
What is the thousands digit of 87520?
7
What is the thousands digit of 5872?
5
What is the units digit of 424?
4
What is the thousands digit of 12952?
2
What is the tens digit of 492?
9
What is the tens digit of 24615?
1
What is the tens digit of 3587?
8
What is the thousands digit of 1282?
1
What is the units digit of 53253?
3
What is the tens digit of 1497?
9
What is the tens digit of 35000?
0
What is the tens digit of 155?
5
What is the tens digit of 22248?
4
What is the hundreds digit of 6895?
8
What is the hundreds digit of 971?
9
What is the hundreds digit of 941?
9
What is the hundred thousands digit of 147001?
1
What is the hundreds digit of 3356?
3
What is the tens digit of 8003?
0
What is the tens digit of 9909?
0
What is the tens digit of 1671?
7
What is the tens digit of 57095?
9
What is the units digit of 8871?
1
What is the units digit of 41362?
2
What is the thousands digit of 1043?
1
What is the tens digit of 980?
8
What is the ten thousands digit of 27226?
2
What is the thousands digit of 46986?
6
What is the tens digit of 1271?
7
What is the hundreds digit of 98090?
0
What is the tens digit of 646?
4
What is the tens digit of 48452?
5
What is the hundreds digit of 675?
6
What is the hundreds digit of 976?
9
What is the thousands digit of 9156?
9
What is the units digit of 16?
6
What is the units digit of 11?
1
What is the tens digit of 38530?
3
What is the units digit of 19425?
5
What is the tens digit of 2549?
4
What is the hundreds digit of 2739?
7
What is the units digit of 994?
4
What is the units digit of 3171?
1
What is the thousands digit of 33631?
3
What is the tens digit of 15118?
1
What is the thousands digit of 7875?
7
What is the units digit of 950?
0
What is the tens digit of 13299?
9
What is the hundreds digit of 21956?
9
What is the tens digit of 4139?
3
What is the thousands digit of 33123?
3
What is the tens digit of 3539?
3
What is the hundreds digit of 3538?
5
What is the tens digit of 16248?
4
What is the hundreds digit of 500?
5
What is the ten thousands digit of 26533?
2
What is the thousands digit of 1315?
1
What is the thousands digit of 9339?
9
What is the thousands digit of 16060?
6
What is the tens digit of 69597?
9
What is the units digit of 823?
3
What is the units digit of 13842?
2
What is the tens digit of 7207?
0
What is the thousands digit of 2780?
2
What is the hundreds digit of 57230?
2
What is the hundreds digit of 542?
5
What is the units digit of 4719?
9
What is the units digit of 6677?
7
What is the tens digit of 1635?
3
What is the units digit of 69?
9
What is the units digit of 32530?
0
What is the tens digit of 40897?
9
What is the thousands digit of 1282?
1
What is the hundreds digit of 6511?
5
What is the thousands digit of 4770?
4
What is the tens digit of 9221?
2
What is the ten thousands digit of 42054?
4
What is the ten thousands digit of 42352?
4
What is the hundreds digit of 5290?
2
What is the tens digit of 52855?
5
What is the hundreds digit of 576?
5
What is the thousands digit of 3624?
3
What is the tens digit of 17416?
1
What is the ten thousands digit of 75521?
7
What is the tens digit of 20?
2
What is the hundreds digit of 403?
4
What is the units digit of 1332?
2
What is the thousands digit of 5227?
5
What is the ten thousands digit of 10373?
1
What is the tens digit of 20001?
0
What is the units digit of 113268?
8
What is the ten thousands digit of 31380?
3
What is the hundreds digit of 2310?
3
What is the units digit of 759?
9
What is the tens digit of 1353?
5
What is the ten thousands digit of 137055?
3
What is the units digit of 83023?
3
What is the hundreds digit of 18529?
5
What is the hundreds digit of 177?
1
What is the hundreds digit of 5363?
3
What is the hundreds digit of 3189?
1
What is the ten thousands digit of 25620?
2
What is the ten thousands digit of 106903?
0
What is the tens digit of 122?
2
What is the thousands digit of 36913?
6
What is the ten thousands digit of 47713?
4
What is the tens digit of 4483?
8
What is the tens digit of 4063?
6
What is the units digit of 9641?
1
What is the hundreds digit of 13071?
0
Wh